[INFO] cloning repository https://github.com/enelson7834/vulkan_game_tutorial
[INFO] running `Command { std: "git" "-c" "credential.helper=" "-c" "credential.helper=/workspace/cargo-home/bin/git-credential-null" "clone" "--bare" "https://github.com/enelson7834/vulkan_game_tutorial" "/workspace/cache/git-repos/https%3A%2F%2Fgithub.com%2Fenelson7834%2Fvulkan_game_tutorial", kill_on_drop: false }`
[INFO] [stderr] Cloning into bare repository '/workspace/cache/git-repos/https%3A%2F%2Fgithub.com%2Fenelson7834%2Fvulkan_game_tutorial'...
[INFO] running `Command { std: "git" "rev-parse" "HEAD", kill_on_drop: false }`
[INFO] [stdout] 5ac7bef63de9ac1dabaf6254a3f70dc597e420cc
[INFO] building enelson7834/vulkan_game_tutorial against master#881c1ac408d93bb7adaa3a51dabab9266e82eee8 for issue-85264
[INFO] running `Command { std: "git" "clone" "/workspace/cache/git-repos/https%3A%2F%2Fgithub.com%2Fenelson7834%2Fvulkan_game_tutorial" "/workspace/builds/worker-10/source", kill_on_drop: false }`
[INFO] [stderr] Cloning into '/workspace/builds/worker-10/source'...
[INFO] [stderr] done.
[INFO] validating manifest of git repo https://github.com/enelson7834/vulkan_game_tutorial on toolchain 881c1ac408d93bb7adaa3a51dabab9266e82eee8
[INFO] running `Command { std: "/workspace/cargo-home/bin/cargo" "+881c1ac408d93bb7adaa3a51dabab9266e82eee8" "metadata" "--manifest-path" "Cargo.toml" "--no-deps", kill_on_drop: false }`
[INFO] started tweaking git repo https://github.com/enelson7834/vulkan_game_tutorial
[INFO] finished tweaking git repo https://github.com/enelson7834/vulkan_game_tutorial
[INFO] tweaked toml for git repo https://github.com/enelson7834/vulkan_game_tutorial written to /workspace/builds/worker-10/source/Cargo.toml
[INFO] crate git repo https://github.com/enelson7834/vulkan_game_tutorial already has a lockfile, it will not be regenerated
[INFO] running `Command { std: "/workspace/cargo-home/bin/cargo" "+881c1ac408d93bb7adaa3a51dabab9266e82eee8" "fetch" "--manifest-path" "Cargo.toml", kill_on_drop: false }`
[INFO] [stderr]     Blocking waiting for file lock on package cache
[INFO] [stderr]     Blocking waiting for file lock on package cache
[INFO] running `Command { std: "docker" "create" "-v" "/var/lib/crater-agent-workspace/builds/worker-10/target:/opt/rustwide/target:rw,Z" "-v" "/var/lib/crater-agent-workspace/builds/worker-10/source:/opt/rustwide/workdir:ro,Z" "-v" "/var/lib/crater-agent-workspace/cargo-home:/opt/rustwide/cargo-home:ro,Z" "-v" "/var/lib/crater-agent-workspace/rustup-home:/opt/rustwide/rustup-home:ro,Z" "-e" "SOURCE_DIR=/opt/rustwide/workdir" "-e" "CARGO_TARGET_DIR=/opt/rustwide/target" "-e" "CARGO_HOME=/opt/rustwide/cargo-home" "-e" "RUSTUP_HOME=/opt/rustwide/rustup-home" "-w" "/opt/rustwide/workdir" "-m" "1610612736" "--user" "0:0" "--network" "none" "ghcr.io/rust-lang/crates-build-env/linux@sha256:20528e8c29e4536546f0102ce88568b16ea7538393a33fcca951030f7af10457" "/opt/rustwide/cargo-home/bin/cargo" "+881c1ac408d93bb7adaa3a51dabab9266e82eee8" "metadata" "--no-deps" "--format-version=1", kill_on_drop: false }`
[INFO] [stdout] 3b23ecfa7027077fdfeca628b4d87ce982e43bb8e8b719d33719edb60e2d3de6
[INFO] [stderr] WARNING: Your kernel does not support swap limit capabilities or the cgroup is not mounted. Memory limited without swap.
[INFO] running `Command { std: "docker" "start" "-a" "3b23ecfa7027077fdfeca628b4d87ce982e43bb8e8b719d33719edb60e2d3de6", kill_on_drop: false }`
[INFO] running `Command { std: "docker" "inspect" "3b23ecfa7027077fdfeca628b4d87ce982e43bb8e8b719d33719edb60e2d3de6", kill_on_drop: false }`
[INFO] running `Command { std: "docker" "rm" "-f" "3b23ecfa7027077fdfeca628b4d87ce982e43bb8e8b719d33719edb60e2d3de6", kill_on_drop: false }`
[INFO] [stdout] 3b23ecfa7027077fdfeca628b4d87ce982e43bb8e8b719d33719edb60e2d3de6
[INFO] running `Command { std: "docker" "create" "-v" "/var/lib/crater-agent-workspace/builds/worker-10/target:/opt/rustwide/target:rw,Z" "-v" "/var/lib/crater-agent-workspace/builds/worker-10/source:/opt/rustwide/workdir:ro,Z" "-v" "/var/lib/crater-agent-workspace/cargo-home:/opt/rustwide/cargo-home:ro,Z" "-v" "/var/lib/crater-agent-workspace/rustup-home:/opt/rustwide/rustup-home:ro,Z" "-e" "SOURCE_DIR=/opt/rustwide/workdir" "-e" "CARGO_TARGET_DIR=/opt/rustwide/target" "-e" "CARGO_INCREMENTAL=0" "-e" "RUST_BACKTRACE=full" "-e" "RUSTFLAGS=--cap-lints=forbid" "-e" "CARGO_HOME=/opt/rustwide/cargo-home" "-e" "RUSTUP_HOME=/opt/rustwide/rustup-home" "-w" "/opt/rustwide/workdir" "-m" "1610612736" "--user" "0:0" "--network" "none" "ghcr.io/rust-lang/crates-build-env/linux@sha256:20528e8c29e4536546f0102ce88568b16ea7538393a33fcca951030f7af10457" "/opt/rustwide/cargo-home/bin/cargo" "+881c1ac408d93bb7adaa3a51dabab9266e82eee8" "build" "--frozen" "--message-format=json", kill_on_drop: false }`
[INFO] [stdout] 73bf091631e879bab44140b86d5bed2b59c291940994fc3c9620ace2a089bac5
[INFO] [stderr] WARNING: Your kernel does not support swap limit capabilities or the cgroup is not mounted. Memory limited without swap.
[INFO] running `Command { std: "docker" "start" "-a" "73bf091631e879bab44140b86d5bed2b59c291940994fc3c9620ace2a089bac5", kill_on_drop: false }`
[INFO] [stderr]     Blocking waiting for file lock on package cache
[INFO] [stderr]    Compiling cfg-if v0.1.10
[INFO] [stderr]    Compiling version-compare v0.0.10
[INFO] [stderr]    Compiling libc v0.2.92
[INFO] [stderr]    Compiling bitflags v1.2.1
[INFO] [stderr]    Compiling sdl2 v0.34.4
[INFO] [stderr]    Compiling cfg-if v1.0.0
[INFO] [stderr]    Compiling vulkan_game_tutorial v0.1.0 (/opt/rustwide/workdir)
[INFO] [stderr]    Compiling libloading v0.7.0
[INFO] [stderr]    Compiling ash v0.32.1
[INFO] [stderr]    Compiling sdl2-sys v0.34.4
[INFO] [stdout] error: expected `;`, found keyword `unsafe`
[INFO] [stdout]   --> src/main.rs:34:6
[INFO] [stdout]    |
[INFO] [stdout] 34 |     }
[INFO] [stdout]    |      ^ help: add `;` here
[INFO] [stdout] 35 | 
[INFO] [stdout] 36 |     unsafe {
[INFO] [stdout]    |     ------ unexpected token
[INFO] [stdout] 
[INFO] [stdout] 
[INFO] [stdout] error[E0433]: failed to resolve: use of undeclared crate or module `utility`
[INFO] [stdout]   --> src/main.rs:24:27
[INFO] [stdout]    |
[INFO] [stdout] 24 |     let extension_names = utility::platforms::required_extension_names();
[INFO] [stdout]    |                           ^^^^^^^ use of undeclared crate or module `utility`
[INFO] [stdout] 
[INFO] [stdout] 
[INFO] [stdout] error[E0433]: failed to resolve: use of undeclared crate or module `ck`
[INFO] [stdout]   --> src/main.rs:28:20
[INFO] [stdout]    |
[INFO] [stdout] 28 |         flags: ck::InstanceCreateFlags::empty(),
[INFO] [stdout]    |                    ^^^^^^^^^^^^^^^^^^^ not found in `ck`
[INFO] [stdout]    |
[INFO] [stdout] help: consider importing one of these items
[INFO] [stdout]    |
[INFO] [stdout] 1  | use ash::vk::InstanceCreateFlags;
[INFO] [stdout]    |
[INFO] [stdout] 1  | use crate::vk::InstanceCreateFlags;
[INFO] [stdout]    |
[INFO] [stdout] 
[INFO] [stdout] 
[INFO] [stdout] warning: unused imports: `version::EntryV1_0`, `version::InstanceV1_0`
[INFO] [stdout]  --> src/main.rs:2:22
[INFO] [stdout]   |
[INFO] [stdout] 2 | use ash::{vk, Entry, version::EntryV1_0, version::InstanceV1_0};
[INFO] [stdout]   |                      ^^^^^^^^^^^^^^^^^^  ^^^^^^^^^^^^^^^^^^^^^
[INFO] [stdout]   |
[INFO] [stdout]   = note: `#[warn(unused_imports)]` on by default
[INFO] [stdout] 
[INFO] [stdout] 
[INFO] [stdout] error[E0599]: no associated item named `INSANCE_CREATE_INFO` found for struct `StructureType` in the current scope
[INFO] [stdout]   --> src/main.rs:26:36
[INFO] [stdout]    |
[INFO] [stdout] 26 |         s_type: vk::StructureType::INSANCE_CREATE_INFO,
[INFO] [stdout]    |                                    ^^^^^^^^^^^^^^^^^^^
[INFO] [stdout]    |                                    |
[INFO] [stdout]    |                                    associated item not found in `StructureType`
[INFO] [stdout]    |                                    help: there is an associated constant with a similar name: `INSTANCE_CREATE_INFO`
[INFO] [stdout] 
[INFO] [stdout] 
[INFO] [stdout] error: aborting due to 4 previous errors; 1 warning emitted
[INFO] [stdout] 
[INFO] [stdout] 
[INFO] [stdout] Some errors have detailed explanations: E0433, E0599.
[INFO] [stdout] 
[INFO] [stdout] For more information about an error, try `rustc --explain E0433`.
[INFO] [stdout] 
[INFO] [stderr] error: could not compile `vulkan_game_tutorial`
[INFO] [stderr] 
[INFO] [stderr] To learn more, run the command again with --verbose.
[INFO] running `Command { std: "docker" "inspect" "73bf091631e879bab44140b86d5bed2b59c291940994fc3c9620ace2a089bac5", kill_on_drop: false }`
[INFO] running `Command { std: "docker" "rm" "-f" "73bf091631e879bab44140b86d5bed2b59c291940994fc3c9620ace2a089bac5", kill_on_drop: false }`
[INFO] [stdout] 73bf091631e879bab44140b86d5bed2b59c291940994fc3c9620ace2a089bac5
